{"id":291,"date":"2019-04-17T22:37:27","date_gmt":"2019-04-17T15:37:27","guid":{"rendered":"https:\/\/brightstore.minhhoat.in\/?page_id=291"},"modified":"2019-08-19T10:02:47","modified_gmt":"2019-08-19T03:02:47","slug":"lien-he","status":"publish","type":"page","link":"https:\/\/xamhinhnghethuateratattoo.chothemewp.com\/?page_id=291","title":{"rendered":"Li\u00ean h\u1ec7\/\u0110\u1eb7t l\u1ecbch x\u0103m"},"content":{"rendered":"\t<section class=\"section\" id=\"section_2018798137\">\n\t\t<div class=\"bg section-bg fill bg-fill  \" >\n\n\t\t\t\n\t\t\t<div class=\"section-bg-overlay absolute fill\"><\/div>\n\t\t\t\n\n\t\t<\/div>\n\n\t\t\n\n\t\t<div class=\"section-content relative\">\n\t\t\t\r\n\r\n\t<div id=\"gap-2080879390\" class=\"gap-element clearfix\" style=\"display:block; height:auto;\">\n\t\t\n<style>\n#gap-2080879390 {\n  padding-top: 60px;\n}\n<\/style>\n\t<\/div>\n\t\r\n\r\n<div class=\"row row-small align-equal\"  id=\"row-554423647\">\r\n\r\n\n\t<div id=\"col-506248282\" class=\"col medium-6 small-12 large-6\"  >\n\t\t\t\t<div class=\"col-inner\" style=\"background-color:rgba(0, 0, 0, 0.7);\" >\n\t\t\t\n\t\t\t\r\n\r\n<h2>Era Tattoo h\u00e2n h\u1ea1nh ph\u1ee5c v\u1ee5 b\u1ea1n!<\/h2>\r\n<p style=\"text-align: justify;\">Ch\u00fang t\u00f4i r\u1ea5t h\u00e2n h\u1ea1nh \u0111\u01b0\u1ee3c \u0111\u00f3n ti\u1ebfp b\u1ea1n t\u1ea1i Era Tattoo v\u00e0 mang \u0111\u1ebfn cho b\u1ea1n nh\u1eefng tr\u1ea3i nghi\u1ec7m th\u00fa v\u1ecb nh\u1ea5t, nh\u1eefng t\u00e1c ph\u1ea9m \u0111\u1eb9p nh\u1ea5t . . .<\/p>\r\n<p style=\"margin-bottom:10px\"><i class=\"fa fa-map-marker\" style=\"margin-right:10px;\"><\/i>S\u1ed1 9 - Ng\u00f5 3 - \u0110\u1eb7ng V\u0103n Ng\u1eef - \u0110\u1ed1ng \u0110a - H\u00e0 N\u1ed9i<\/p>\r\n<p style=\"margin-bottom:10px\"><i class=\"fa fa-phone\" style=\"margin-right:10px;\"><\/i>+84 93 459 64 68<\/p>\r\n<p style=\"margin-bottom:10px\"><i class=\"fa fa-envelope\" style=\"margin-right:10px;\"><\/i>eratattoo@gmail.com<\/p>\r\n<p style=\"margin-bottom:20px\"><i class=\"fa fa-globe\" style=\"margin-right:10px;\"><\/i>eratattoo.vn<\/p>\r\n<p><iframe src=\"https:\/\/www.google.com\/maps\/embed?pb=!1m18!1m12!1m3!1d3724.603987700514!2d105.82948301422496!3d21.00850568600932!2m3!1f0!2f0!3f0!3m2!1i1024!2i768!4f13.1!3m3!1m2!1s0x3135ab9d477d36d1%3A0x4a6b7b4321f2166!2zWMSDbSBow6xuaCBFUkEgVGF0dG9v!5e0!3m2!1svi!2s!4v1566181756612!5m2!1svi!2s\" width=\"100%\" height=\"185\" frameborder=\"0\" style=\"border:0\" allowfullscreen><\/iframe><\/p>\r\n\r\n\t\t<\/div>\n\t\t\t\t\n<style>\n#col-506248282 > .col-inner {\n  padding: 25px 20px 1px 20px;\n}\n<\/style>\n\t<\/div>\n\n\t\r\n\n\t<div id=\"col-216635447\" class=\"col medium-6 small-12 large-6\"  >\n\t\t\t\t<div class=\"col-inner\" style=\"background-color:rgba(0, 0, 0, 0.7);\" >\n\t\t\t\n\t\t\t\r\n\r\n<h2>\u0110\u1eb7t l\u1ecbch x\u0103m h\u00ecnh<\/h2>\r\n<p style=\"text-align: justify;\">Vui l\u00f2ng \u0111i\u1ec1n \u0111\u1ea7y \u0111\u1ee7 th\u00f4ng tin v\u00e0o Form b\u00ean d\u01b0\u1edbi, ch\u00fang t\u00f4i s\u1ebd li\u00ean h\u1ec7 v\u00e0 x\u1ebfp l\u1ecbch s\u1edbm nh\u00e1t cho b\u1ea1n.<\/p>\r\n<div role=\"form\" class=\"wpcf7\" id=\"wpcf7-f479-o1\" lang=\"vi\" dir=\"ltr\">\n<div class=\"screen-reader-response\"><p role=\"status\" aria-live=\"polite\" aria-atomic=\"true\"><\/p> <ul><\/ul><\/div>\n<form action=\"\/index.php?rest_route=%2Fwp%2Fv2%2Fpages%2F291#wpcf7-f479-o1\" method=\"post\" class=\"wpcf7-form init\" novalidate=\"novalidate\" data-status=\"init\">\n<div style=\"display: none;\">\n<input type=\"hidden\" name=\"_wpcf7\" value=\"479\" \/>\n<input type=\"hidden\" name=\"_wpcf7_version\" value=\"5.6\" \/>\n<input type=\"hidden\" name=\"_wpcf7_locale\" value=\"vi\" \/>\n<input type=\"hidden\" name=\"_wpcf7_unit_tag\" value=\"wpcf7-f479-o1\" \/>\n<input type=\"hidden\" name=\"_wpcf7_container_post\" value=\"0\" \/>\n<input type=\"hidden\" name=\"_wpcf7_posted_data_hash\" value=\"\" \/>\n<\/div>\n<p><span class=\"wpcf7-form-control-wrap\" data-name=\"YourName\"><input type=\"text\" name=\"YourName\" value=\"\" size=\"40\" class=\"wpcf7-form-control wpcf7-text\" aria-invalid=\"false\" placeholder=\"T\u00ean c\u1ee7a b\u1ea1n\" \/><\/span><br \/>\n<span class=\"wpcf7-form-control-wrap\" data-name=\"YourPhone\"><input type=\"text\" name=\"YourPhone\" value=\"\" size=\"40\" class=\"wpcf7-form-control wpcf7-text\" aria-invalid=\"false\" placeholder=\"S\u1ed1 \u0111i\u1ec7n tho\u1ea1i\" \/><\/span><br \/>\n<span class=\"wpcf7-form-control-wrap\" data-name=\"YourTime\"><input type=\"text\" name=\"YourTime\" value=\"\" size=\"40\" class=\"wpcf7-form-control wpcf7-text\" aria-invalid=\"false\" placeholder=\"Th\u1eddi gian mong mu\u1ed1n\" \/><\/span><br \/>\n<span class=\"wpcf7-form-control-wrap\" data-name=\"YourMess\"><textarea name=\"YourMess\" cols=\"40\" rows=\"10\" class=\"wpcf7-form-control wpcf7-textarea\" aria-invalid=\"false\" placeholder=\"Ghi ch\u00fa\"><\/textarea><\/span><br \/>\n<input type=\"submit\" value=\"\u0110\u1eb7t l\u1ecbch ngay\" class=\"wpcf7-form-control has-spinner wpcf7-submit\" \/><\/p>\n<div class=\"wpcf7-response-output\" aria-hidden=\"true\"><\/div><\/form><\/div>\r\n\r\n\r\n\t\t<\/div>\n\t\t\t\t\n<style>\n#col-216635447 > .col-inner {\n  padding: 25px 20px 1px 20px;\n}\n<\/style>\n\t<\/div>\n\n\t\r\n\r\n<\/div>\r\n\t<div id=\"gap-1453742469\" class=\"gap-element clearfix\" style=\"display:block; height:auto;\">\n\t\t\n<style>\n#gap-1453742469 {\n  padding-top: 40px;\n}\n<\/style>\n\t<\/div>\n\t\r\n\r\n\r\n\t\t<\/div>\n\n\t\t\n<style>\n#section_2018798137 {\n  padding-top: 0px;\n  padding-bottom: 0px;\n}\n#section_2018798137 .section-bg-overlay {\n  background-color: rgba(0, 0, 0, 0.7);\n}\n#section_2018798137 .section-bg.bg-loaded {\n  background-image: url(https:\/\/xamhinhnghethuateratattoo.chothemewp.com\/wp-content\/uploads\/sl001.jpg);\n}\n#section_2018798137 .ux-shape-divider--top svg {\n  height: 150px;\n  --divider-top-width: 100%;\n}\n#section_2018798137 .ux-shape-divider--bottom svg {\n  height: 150px;\n  --divider-width: 100%;\n}\n<\/style>\n\t<\/section>\n\t\n","protected":false},"excerpt":{"rendered":"","protected":false},"author":1,"featured_media":0,"parent":0,"menu_order":0,"comment_status":"closed","ping_status":"closed","template":"page-blank.php","meta":{"footnotes":""},"yoast_head":"<!-- This site is optimized with the Yoast SEO plugin v19.3 - https:\/\/yoast.com\/wordpress\/plugins\/seo\/ -->\n<title>Li\u00ean h\u1ec7\/\u0110\u1eb7t l\u1ecbch x\u0103m<\/title>\n<meta name=\"robots\" content=\"noindex, follow, max-snippet:-1, max-image-preview:large, max-video-preview:-1\" \/>\n<meta property=\"og:locale\" content=\"vi_VN\" \/>\n<meta property=\"og:type\" content=\"article\" \/>\n<meta property=\"og:title\" content=\"Li\u00ean h\u1ec7\/\u0110\u1eb7t l\u1ecbch x\u0103m\" \/>\n<meta property=\"og:url\" content=\"https:\/\/xamhinhnghethuateratattoo.chothemewp.com\/?page_id=291\" \/>\n<meta property=\"og:site_name\" content=\"X\u0103m h\u00ecnh ngh\u1ec7 thu\u1eadt Era Tattoo\" \/>\n<meta property=\"article:modified_time\" content=\"2019-08-19T03:02:47+00:00\" \/>\n<meta name=\"twitter:card\" content=\"summary_large_image\" \/>\n<script type=\"application\/ld+json\" class=\"yoast-schema-graph\">{\"@context\":\"https:\/\/schema.org\",\"@graph\":[{\"@type\":\"WebSite\",\"@id\":\"https:\/\/xamhinhnghethuateratattoo.chothemewp.com\/#website\",\"url\":\"https:\/\/xamhinhnghethuateratattoo.chothemewp.com\/\",\"name\":\"X\u0103m h\u00ecnh ngh\u1ec7 thu\u1eadt Era Tattoo\",\"description\":\"\",\"potentialAction\":[{\"@type\":\"SearchAction\",\"target\":{\"@type\":\"EntryPoint\",\"urlTemplate\":\"https:\/\/xamhinhnghethuateratattoo.chothemewp.com\/?s={search_term_string}\"},\"query-input\":\"required name=search_term_string\"}],\"inLanguage\":\"vi\"},{\"@type\":\"WebPage\",\"@id\":\"https:\/\/xamhinhnghethuateratattoo.chothemewp.com\/?page_id=291\",\"url\":\"https:\/\/xamhinhnghethuateratattoo.chothemewp.com\/?page_id=291\",\"name\":\"Li\u00ean h\u1ec7\/\u0110\u1eb7t l\u1ecbch x\u0103m\",\"isPartOf\":{\"@id\":\"https:\/\/xamhinhnghethuateratattoo.chothemewp.com\/#website\"},\"datePublished\":\"2019-04-17T15:37:27+00:00\",\"dateModified\":\"2019-08-19T03:02:47+00:00\",\"breadcrumb\":{\"@id\":\"https:\/\/xamhinhnghethuateratattoo.chothemewp.com\/?page_id=291#breadcrumb\"},\"inLanguage\":\"vi\",\"potentialAction\":[{\"@type\":\"ReadAction\",\"target\":[\"https:\/\/xamhinhnghethuateratattoo.chothemewp.com\/?page_id=291\"]}]},{\"@type\":\"BreadcrumbList\",\"@id\":\"https:\/\/xamhinhnghethuateratattoo.chothemewp.com\/?page_id=291#breadcrumb\",\"itemListElement\":[{\"@type\":\"ListItem\",\"position\":1,\"name\":\"Trang ch\u1ee7\",\"item\":\"https:\/\/xamhinhnghethuateratattoo.chothemewp.com\/\"},{\"@type\":\"ListItem\",\"position\":2,\"name\":\"Li\u00ean h\u1ec7\/\u0110\u1eb7t l\u1ecbch x\u0103m\"}]}]}<\/script>\n<!-- \/ Yoast SEO plugin. -->","yoast_head_json":{"title":"Li\u00ean h\u1ec7\/\u0110\u1eb7t l\u1ecbch x\u0103m","robots":{"index":"noindex","follow":"follow","max-snippet":"max-snippet:-1","max-image-preview":"max-image-preview:large","max-video-preview":"max-video-preview:-1"},"og_locale":"vi_VN","og_type":"article","og_title":"Li\u00ean h\u1ec7\/\u0110\u1eb7t l\u1ecbch x\u0103m","og_url":"https:\/\/xamhinhnghethuateratattoo.chothemewp.com\/?page_id=291","og_site_name":"X\u0103m h\u00ecnh ngh\u1ec7 thu\u1eadt Era Tattoo","article_modified_time":"2019-08-19T03:02:47+00:00","twitter_card":"summary_large_image","schema":{"@context":"https:\/\/schema.org","@graph":[{"@type":"WebSite","@id":"https:\/\/xamhinhnghethuateratattoo.chothemewp.com\/#website","url":"https:\/\/xamhinhnghethuateratattoo.chothemewp.com\/","name":"X\u0103m h\u00ecnh ngh\u1ec7 thu\u1eadt Era Tattoo","description":"","potentialAction":[{"@type":"SearchAction","target":{"@type":"EntryPoint","urlTemplate":"https:\/\/xamhinhnghethuateratattoo.chothemewp.com\/?s={search_term_string}"},"query-input":"required name=search_term_string"}],"inLanguage":"vi"},{"@type":"WebPage","@id":"https:\/\/xamhinhnghethuateratattoo.chothemewp.com\/?page_id=291","url":"https:\/\/xamhinhnghethuateratattoo.chothemewp.com\/?page_id=291","name":"Li\u00ean h\u1ec7\/\u0110\u1eb7t l\u1ecbch x\u0103m","isPartOf":{"@id":"https:\/\/xamhinhnghethuateratattoo.chothemewp.com\/#website"},"datePublished":"2019-04-17T15:37:27+00:00","dateModified":"2019-08-19T03:02:47+00:00","breadcrumb":{"@id":"https:\/\/xamhinhnghethuateratattoo.chothemewp.com\/?page_id=291#breadcrumb"},"inLanguage":"vi","potentialAction":[{"@type":"ReadAction","target":["https:\/\/xamhinhnghethuateratattoo.chothemewp.com\/?page_id=291"]}]},{"@type":"BreadcrumbList","@id":"https:\/\/xamhinhnghethuateratattoo.chothemewp.com\/?page_id=291#breadcrumb","itemListElement":[{"@type":"ListItem","position":1,"name":"Trang ch\u1ee7","item":"https:\/\/xamhinhnghethuateratattoo.chothemewp.com\/"},{"@type":"ListItem","position":2,"name":"Li\u00ean h\u1ec7\/\u0110\u1eb7t l\u1ecbch x\u0103m"}]}]}},"_links":{"self":[{"href":"https:\/\/xamhinhnghethuateratattoo.chothemewp.com\/index.php?rest_route=\/wp\/v2\/pages\/291"}],"collection":[{"href":"https:\/\/xamhinhnghethuateratattoo.chothemewp.com\/index.php?rest_route=\/wp\/v2\/pages"}],"about":[{"href":"https:\/\/xamhinhnghethuateratattoo.chothemewp.com\/index.php?rest_route=\/wp\/v2\/types\/page"}],"author":[{"embeddable":true,"href":"https:\/\/xamhinhnghethuateratattoo.chothemewp.com\/index.php?rest_route=\/wp\/v2\/users\/1"}],"replies":[{"embeddable":true,"href":"https:\/\/xamhinhnghethuateratattoo.chothemewp.com\/index.php?rest_route=%2Fwp%2Fv2%2Fcomments&post=291"}],"version-history":[{"count":0,"href":"https:\/\/xamhinhnghethuateratattoo.chothemewp.com\/index.php?rest_route=\/wp\/v2\/pages\/291\/revisions"}],"wp:attachment":[{"href":"https:\/\/xamhinhnghethuateratattoo.chothemewp.com\/index.php?rest_route=%2Fwp%2Fv2%2Fmedia&parent=291"}],"curies":[{"name":"wp","href":"https:\/\/api.w.org\/{rel}","templated":true}]}}